rime factors of (g + -557)/((-6)/16).
2, 181
Let s(l) = -l**2 - 6*l - 7. Let i be s(-5). Let u(r) = -r**2 + r + 2. Let p be u(i). List the prime factors of 33/36*3 + (-1)/p.
3
Let l(b) = -2*b**2 + 7*b - 7. Let s be l(5). Let j be (-11)/(s/288) + -1. Let c = 240 - j. What are the prime factors of c?
97
Let l = -58 - -69. Let d(s) = 12 - 57 + l*s - 10. List the prime factors of d(16).
11
Suppose 8*l - 823 - 5585 = 0. Let i = l - 97. What are the prime factors of i?
2, 11
Let q(u) = 11*u**3 + 2*u**2 + u - 7. Let s be q(4). Suppose -3*t = -s - 2354. List the prime factors of t.
3, 7
Suppose -2*b + 9287 = 5*x - 13693, -45970 = -4*b - 5*x. List the prime factors of b.
5, 11, 19
Suppose -6*k + 4*k = -8. Suppose 258 = k*v - 210. Let z = v - -41. List the prime factors of z.
2, 79
Let r be 3/6*8 + (400 - -5). Let p = r - 64. List the prime factors of p.
3, 5, 23
Suppose 5*s - 29*d + 31*d - 28 = 0, 0 = 4*d - 16. List the prime factors of 601 + 7/(-28)*s.
2, 3, 5
Suppose 60 + 948 = 6*t. Let r = 505 - t. List the prime factors of r.
337
Let q = 18623 - 13923. List the prime factors of q.
2, 5, 47
Suppose 0 = -0*b + b - 2. Suppose 169 + 747 = b*r + 4*n, -3*n = 4*r - 1827. Suppose 10*g + r = 13*g. What are the prime factors of g?
2, 19
Let u be ((-4)/(-12))/((-2)/18). Let v = -149 - -148. What are the prime factors of u + -1*(-18 + v)?
2
Let s(n) = 100*n**2 - 10*n + 25 - 31 + 6 + 6 + 17. What are the prime factors of s(3)?
19, 47
List the prime factors of 16 - 7774/483 - (-130479)/63.
19, 109
Let c = -4580 - -5114. What are the prime factors of c?
2, 3, 89
Let r be 60/(-8)*252/(-90). List the prime factors of (r - 2)/((-55)/(-4015)).
19, 73
Suppose -4*k = 3*y - 2904, 3*k + 2*y - 3*y = 2191. Suppose -4*d - 2*c + k + 413 = 0, 5*d + 5*c = 1420. What are the prime factors of d?
7, 41
Let h(k) be the first derivative of 11*k**4/24 + 7*k**3/6 + 39*k**2/2 + 25. Let z(c) be the second derivative of h(c). List the prime factors of z(6).
73
Suppose 4*w = 5 - 17. What are the prime factors of 1500/40*(-34)/w?
5, 17
Suppose 6*q = 2*q + 56608 - 5512. List the prime factors of q.
2, 3, 2129
Suppose -7*i + 30 = -12*i, -5*h + 5*i + 62345 = 0. List the prime factors of h.
11, 103
Let v(i) = -i**2 + 21*i + 78. Let f be v(23). Suppose -5*t - f*t + 21719 = 0. What are the prime factors of t?
587
Suppose -240 = -5*x + 1105. Let g = 510 - x. What are the prime factors of g?
241
Suppose 5*c = 29 + 1. Let y be (45/c)/3*18. Suppose -y = -4*r - 3*v, 0*v + 4*v = 4*r - 52. What are the prime factors of r?
2, 3
Let d = 995 + -956. Suppose 3*o = d + 159. List the prime factors of o.
2, 3, 11
Suppose q + 4*q + 3*l - 81 = 0, -q + 4*l + 30 = 0. Let a(v) = 3*v - 47. Let u be a(q). Let f(k) = -k**3 + 12*k**2 + 2*k - 7. What are the prime factors of f(u)?
2, 3, 7
Let q = 2246 + -627. List the prime factors of q.
1619
Let z(x) = 19*x + 319. Let y(t) = 6*t + 107. Let o(k) = -14*y(k) + 4*z(k). List the prime factors of o(-36).
2, 3, 11
Let s = 137 + -79. Let y = -58 + 51. Let j = s + y. What are the prime factors of j?
3, 17
Suppose -4*x - 84 - 64 = 0. Suppose -4*v + 435 = -109. Let w = v + x. What are the prime factors of w?
3, 11
Let d(q) = 2701*q**2 + 78*q + 96. List the prime factors of d(-5).
67231
Let n(a) = 57*a**2 - a + 12. Let g = 430 - 426. What are the prime factors of n(g)?
2, 5, 23
Let h(a) = 4*a**2 + 5*a + 2016. Let g be h(0). Let x = -1331 + g. What are the prime factors of x?
5, 137
Suppose -4*n = -5*a + 15947, -2*a - 9573 = -5*a + 4*n. Suppose 0 = 4*q - 49 - a. What are the prime factors of q?
809
Let z(q) = 1110*q**2 - 50*q + 198. What are the prime factors of z(-7)?
2, 13, 2113
Let l = -113 - -140. Suppose 33*j - 2298 = l*j. What are the prime factors of j?
383
List the prime factors of (-43 + (-6969)/(-161))/(2*(-2)/(-289268)).
2, 10331
Let i = -42466 + 71245. List the prime factors of i.
3, 53, 181
Let j(k) = 441*k**2 - 44*k - 97. List the prime factors of j(12).
227, 277
Suppose -c + 0*c - 2*g = -203, 0 = 4*c + 3*g - 817. Let v = c - 356. Let o = -53 - v. List the prime factors of o.
2, 7
Let r = 12471 + -6722. What are the prime factors of r?
5749
Let v be (-3055)/(-20)*3 + (-6)/(-8). Let g = -220 + v. What are the prime factors of g?
239
Let g(s) = s**2. Let t be g(2). Let w be (t - (-935)/15)*6/1. Suppose 10 = -4*p + w. What are the prime factors of p?
97
List the prime factors of (-2)/(11/69872*-8).
2, 397
Suppose 329*j = 344*j - 105285. List the prime factors of j.
7019
Let b = 223 - 223. Suppose b = -x + t + 1059, -2*x + 2146 = 31*t - 26*t. What are the prime factors of x?
1063
Let y = -381 + 385. Suppose c = -v + 370 + 267, -y*v + 2528 = -c. List the prime factors of v.
3, 211
What are the prime factors of (5 - (0 + 1)) + (357100/(-10))/(-1)?
2, 7, 2551
Suppose 52*n = 54*n - 8. Suppose -10*g + 12*g - n*c - 1932 = 0, -g - 4*c = -942. What are the prime factors of g?
2, 479
List the prime factors of 4488/272*2468/6.
11, 617
Suppose -5*r + 1152 = 3*r. Suppose 24*b - 33*b + r = 0. Suppose -b*n + 18*n = 60. List the prime factors of n.
2, 3, 5
Let i(y) = -2*y**2 - 134. Let r be (0/2)/((-2)/6*3). Let s be i(r). Let w = 276 + s. List the prime factors of w.
2, 71
Suppose 3*q = u + 10, -3*q + 0 = -2*u - 11. Let j be (-1455)/(-3) + 1/u. What are the prime factors of j/6 - 8/(-6)?
2, 41
Let c(a) = 4*a + 13. Let p(d) = 4*d + 12. Let s(v) = 3*c(v) - 2*p(v). Let h be s(0). List the prime factors of (-3)/h + (-311)/10*-2.
2, 31
Let q(a) = a**2 + 15*a + 15. Let f(t) = -8*t - 7. Let r = -8 + 13. Let m(u) = r*f(u) + 2*q(u). List the prime factors of m(10).
5, 19
Suppose -3*v + 2*v + 7 = -2*h, 3*h + 13 = -v. List the prime factors of 2/h + (-5)/((-20)/962).
2, 3, 5
Let l be (-4)/3*12/(-8). Suppose -4*j + l*j = -3*n - 1303, n + 1313 = 2*j. What are the prime factors of j?
659
Let g be 16/6*(-21)/(-14). Suppose -6*o + 38 = -g. Suppose 6*z - o*z = -81. List the prime factors of z.
3
Suppose -1510 - 3310 = -316*q + 315*q. List the prime factors of q.
2, 5, 241
Let f(w) = 8*w + w - 4*w + 65 + 14. Let d(k) = 19*k. Let l be d(0). List the prime factors of f(l).
79
Suppose -4*l + 6*j = -31006, 2*l - 4*j - 7157 = 8341. What are the prime factors of l?
7759
Suppose -45*k + 85745 = -29*k + 39*k. List the prime factors of k.
1559
Let z(k) be the second derivative of 7*k**5/12 - k**4/24 - k**3/3 - 39*k**2/2 + 41*k. Let g(p) be the first derivative of z(p). List the prime factors of g(-1).
2, 17
Suppose 3 = 3*r, 2*h - 2 = -4*r - 24. Let m(g) = -3*g - 31. Let k be m(h). List the prime factors of k/40*(-2 - -307).
61
Let r = -321 + 322. What are the prime factors of (23/(-6)*2)/(r/(-129))?
23, 43
Let o(m) = -m**3 + 2*m**2 + 13*m + 10. Let z be o(5). Suppose z = 6*c - 3861 + 357. List the prime factors of c.
2, 73
Let i(g) be the first derivative of -g**4/2 + 4*g**3/3 - g**2/2 + 17*g + 60. What are the prime factors of i(-5)?
2, 3, 31
Suppose 183300 = 5*w - 11*i + 8*i, 3*i = -15. What are the prime factors of w?
3, 4073
List the prime factors of (6/(-8))/(5/6*(-36)/64920).
3, 541
Suppose 0 = o + 6*o - 105. Suppose -13*d = -o*d + 760. Suppose -2*u = 4*r - 182, -5*u + r + d = -4*r. What are the prime factors of u?
3
Let i(v) = -v**2 - 6*v - 1. Let d be i(-5). Suppose -2*r = d, -11*o = -8*o + 2*r - 1001. List the prime factors of o.
5, 67
Suppose -2*f + 4*q = -46, -q = -3*f + 4*f - 26. Suppose -f*m + 7*m + 11016 = 0. Suppose -26*s + m = -23*s. List the prime factors of s.
2, 3, 17
Let h be 3/3 - (-379)/1. Let m be (-12)/(-10)*(-65 - -60). What are the prime factors of (h/m)/((-10)/15)?
5, 19
List the prime factors of (-123669)/(-12) - (-88)/(-32).
10303
Suppose 52288 = 4*y - 0*y - 5*w, 6*y + 3*w - 78348 = 0. What are the prime factors of y?
2, 3, 7, 311
Let p = 11651 - -23233. What are the prime factors of p?
2, 3, 17, 19
Let j(o) = 7*o - 45. Let z be j(10). Let h be -14 + 6/(30/z). Let n(c) = c**2 + 2*c + 10. What are the prime factors of n(h)?
73
Let u(k) = 272*k**2 - 16*k**2 + 0*k - 8*k + 930 + 3*k - 937. What are the prime factors of u(-2)?
13, 79
Suppose -z = 34 - 38. Let t(i) = -z*i + 4*i + 6*i - 11 + i. List the prime factors of t(12).
73
Suppose -2*k = 29 - 37. Suppose 4*b = -k*b + 104. Suppose -14*v + b*v + 123 = 0. What are the prime factors of v?
3, 41
Let q(s) be the second derivative of